rime factors of 1102229.
17, 23, 2819
What are the prime factors of 268243?
17, 31, 509
What are the prime factors of 599584?
2, 41, 457
What are the prime factors of 1448578?
2, 149, 4861
What are the prime factors of 521106?
2, 3, 86851
List the prime factors of 1517367.
3, 29, 107, 163
List the prime factors of 1068497.
1068497
List the prime factors of 206348.
2, 79, 653
List the prime factors of 2087980.
2, 5, 104399
List the prime factors of 984407.
984407
List the prime factors of 1877265.
3, 5, 13, 3209
List the prime factors of 1241157.
3, 413719
List the prime factors of 17207155.
5, 7, 491633
What are the prime factors of 13735201?
17, 31, 67, 389
List the prime factors of 331856.
2, 7, 2963
What are the prime factors of 6361941?
3, 19, 239, 467
What are the prime factors of 1640483?
13, 17, 571
List the prime factors of 154317.
3, 51439
What are the prime factors of 28505?
5, 5701
List the prime factors of 15979177.
15979177
List the prime factors of 36044909.
31, 97, 11987
What are the prime factors of 2437639?
2437639
List the prime factors of 869906.
2, 23, 18911
What are the prime factors of 260144?
2, 71, 229
What are the prime factors of 786960?
2, 3, 5, 1093
List the prime factors of 951286.
2, 7, 17, 571
List the prime factors of 3346091.
7, 269, 1777
What are the prime factors of 173554?
2, 107, 811
What are the prime factors of 157727?
41, 3847
List the prime factors of 2513867.
109, 23063
What are the prime factors of 3933968?
2, 71, 3463
List the prime factors of 1617204.
2, 3, 19, 41, 173
List the prime factors of 197294.
2, 23, 4289
What are the prime factors of 557867?
571, 977
List the prime factors of 2421016.
2, 13, 23279
What are the prime factors of 14741?
14741
List the prime factors of 561154.
2, 11, 23, 1109
List the prime factors of 4859928.
2, 3, 67499
What are the prime factors of 616592?
2, 89, 433
What are the prime factors of 342064?
2, 21379
List the prime factors of 8492443.
1447, 5869
List the prime factors of 51200.
2, 5
List the prime factors of 41189500.
2, 5, 11, 7489
List the prime factors of 3965748.
2, 3, 97, 3407
What are the prime factors of 9663487?
239, 40433
List the prime factors of 1700768.
2, 53149
List the prime factors of 5110448.
2, 7, 103, 443
What are the prime factors of 1619582?
2, 41, 19751
What are the prime factors of 4778181?
3, 23, 41, 563
What are the prime factors of 2000371?
2000371
What are the prime factors of 334583?
31, 43, 251
What are the prime factors of 1295362?
2, 191, 3391
List the prime factors of 5337815.
5, 7, 21787
What are the prime factors of 6766294?
2, 613, 5519
What are the prime factors of 469047?
3, 17, 541
What are the prime factors of 449333?
449333
What are the prime factors of 4711039?
31, 151969
List the prime factors of 5605077.
3, 23, 81233
List the prime factors of 643399.
17, 37847
What are the prime factors of 2527232?
2, 617
List the prime factors of 4336023.
3, 1445341
What are the prime factors of 1185845?
5, 487
What are the prime factors of 3904667?
13, 31, 9689
List the prime factors of 23603274.
2, 3, 29, 103, 439
List the prime factors of 8278639.
37, 223747
List the prime factors of 1493448.
2, 3, 11, 5657
List the prime factors of 297639.
3, 33071
List the prime factors of 551954.
2, 13, 23, 71
What are the prime factors of 2138587?
11, 433, 449
List the prime factors of 124801.
37, 3373
List the prime factors of 553808.
2, 34613
What are the prime factors of 2412324?
2, 3, 113, 593
What are the prime factors of 2081019?
3, 47, 14759
What are the prime factors of 276654?
2, 3, 7, 941
What are the prime factors of 24775514?
2, 307, 40351
What are the prime factors of 2426941?
11, 37, 67, 89
List the prime factors of 6210326.
2, 3105163
List the prime factors of 229941.
3, 29, 881
What are the prime factors of 1494149?
23, 167, 389
What are the prime factors of 1959314?
2, 7, 19993
List the prime factors of 229689.
3, 47, 181
List the prime factors of 257227.
17, 15131
List the prime factors of 1660346.
2, 830173
What are the prime factors of 218154?
2, 3, 103, 353
List the prime factors of 15619256.
2, 1952407
List the prime factors of 4306670.
2, 5, 241, 1787
What are the prime factors of 135475?
5, 5419
What are the prime factors of 1422887?
653, 2179
List the prime factors of 6179732.
2, 13, 23, 5167
What are the prime factors of 28273977?
3, 3141553
List the prime factors of 13794969.
3, 19, 31, 37, 211
What are the prime factors of 3548619?
3, 394291
List the prime factors of 363576.
2, 3, 15149
List the prime factors of 685843.
19, 36097
What are the prime factors of 126380?
2, 5, 71, 89
What are the prime factors of 369484?
2, 71, 1301
List the prime factors of 2669610.
2, 3, 5, 23, 53, 73
What are the prime factors of 31147?
31147
What are the prime factors of 760685?
5, 167, 911
What are the prime factors of 2005635?
3, 5, 133709
List the prime factors of 1233533.
7, 313, 563
List the prime factors of 13373153.
1601, 8353
What are the prime factors of 890235?
3, 5, 73, 271
What are the prime factors of 715999?
715999
What are the prime factors of 15284?
2, 3821
What are the prime factors of 804206?
2, 13, 30931
List the prime factors of 6189625.
5, 13, 293
List the prime factors of 3639005.
5, 181, 4021
List the prime factors of 578516.
2, 144629
What are the prime factors of 10657261?
241, 44221
What are the prime factors of 713838?
2, 3, 118973
List the prime factors of 853607.
911, 937
What are the prime factors of 58506?
2, 3, 7, 199
List the prime factors of 2888287.
2888287
List the prime factors of 290026.
2, 11, 13183
List the prime factors of 5278708.
2, 71, 18587
What are the prime factors of 340327?
13, 47, 557
List the prime factors of 8092143.
3, 33301
What are the prime factors of 634518?
2, 3, 35251
List the prime factors of 225176.
2, 7, 4021
What are the prime factors of 2752194?
2, 3, 317, 1447
What are the prime factors of 135377?
11, 31, 397
What are the prime factors of 5270876?
2, 13, 101363
What are the prime factors of 397707?
3, 43, 3083
What are the prime factors of 371683?
13, 28591
List the prime factors of 14493259.
11, 10889
What are the prime factors of 33641351?
17, 43, 46021
What are the prime factors of 3183005?
5, 7, 199, 457
What are the prime factors of 341239?
103, 3313
List the prime factors of 399849.
3, 133283
List the prime factors of 5647851.
3, 11, 89, 641
What are the prime factors of 28635?
3, 5, 23, 83
List the prime factors of 947076.
2, 3, 13, 467
List the prime factors of 212888.
2, 13, 23, 89
List the prime factors of 4767454.
2, 227, 10501
What are the prime factors of 2772560?
2, 5, 7, 4951
List the prime factors of 7576080.
2, 3, 5, 31567
List the prime factors of 1184354.
2, 463, 1279
What are the prime factors of 2063586?
2, 3, 7, 7019
What are the prime factors of 81691?
151, 541
List the prime factors of 1758878.
2, 11, 31, 2579
List the prime factors of 78674.
2, 139, 283
What are the prime factors of 1593497?
1593497
What are the prime factors of 224325?
3, 5, 997
List the prime factors of 1044516.
2, 3, 11, 41, 193
List the prime factors of 2693978.
2, 7, 337, 571
List the prime factors of 1175525.
5, 13, 3617
What are the prime factors of 1073643?
3, 167, 2143
List the prime factors of 101427.
3, 33809
List the prime factors of 133521.
3, 44507
What are the prime factors of 5244360?
2, 3, 5, 11, 29, 137
What are the prime factors of 9096539?
523, 17393
What are the prime factors of 13260004?
2, 3315001
What are the prime factors of 5673103?
347, 16349
What are the prime factors of 1863426?
2, 3, 310571
What are the prime factors of 823166?
2, 411583
What are the prime factors of 1368466?
2, 11, 17, 3659
List the prime factors of 2007878.
2, 317, 3167
What are the prime factors of 3266344?
2, 281, 1453
List the prime factors of 11090850.
2, 3, 5, 73939
List the prime factors of 1293401.
1293401
What are the prime factors of 6360402?
2, 3, 19, 55793
List the prime factors of 26412.
2, 3, 31, 71
What are the prime factors of 328151?
17, 97, 199
List the prime factors of 438559.
11, 39869
List the prime factors of 352836.
2, 3, 11
List the prime factors of 905744.
2, 7, 8087
List the prime factors of 736671.
3, 13, 1453
List the prime factors of 1669982.
2, 834